lculate x(194).
-1452
Let c(p) = 2716*p - 13177. Determine c(5).
403
Let y(v) = -14*v**3 - 527*v + 1052. What is y(2)?
-114
Let k(f) = f**3 - 104*f**2 + 488*f + 429. Give k(99).
-264
Let q(k) = 3240*k + 340205. Give q(-105).
5
Let f(u) = -u**3 + 285*u**2 + 17137*u - 325. Determine f(336).
11
Let x(m) = -m**3 - 30639*m**2 + 1534451*m - 53. Determine x(50).
-3
Let u(h) = -288762*h + 866295. What is u(3)?
9
Let g(i) = -2*i**2 + 4623*i + 183368. What is g(-39)?
29
Let f(y) = -y**3 + 9897*y**2 - 2*y - 54. Calculate f(0).
-54
Let r(u) = -u**3 - 88*u**2 + 672*u + 609. Determine r(-95).
-56
Let h(f) = 1616*f + 138687. Determine h(-85).
1327
Let r(a) = 142*a**2 - 2903*a + 429. Determine r(20).
-831
Let r(f) = -13*f**2 - 4815*f + 623523. Determine r(-472).
11
Let j(g) = -5261*g - 673408. Calculate j(-128).
0
Let a(g) = 4*g**2 + 234389*g + 8432817. Calculate a(-36).
-3
Let a(y) = y**3 + 3*y**2 + 84*y - 439. What is a(4)?
9
Let p(h) = -16*h**2 - 373589*h - 373591. Determine p(-1).
-18
Let w(c) = -c**3 + 2907*c**2 - 97687*c + 164. Give w(34).
-6
Let g(i) = -6*i**3 - 11*i**2 - 18*i + 2. Calculate g(-2).
42
Let r(p) = 104*p**2 + 93714*p + 9012. Give r(-901).
2
Let g(t) = 3418*t - 27494. Determine g(8).
-150
Let l(d) = -14*d**3 + 120*d**2 + 4*d + 241. Give l(9).
-209
Let r(m) = -m**3 - 15*m**2 - 13*m + 57. Calculate r(-14).
43
Let t(q) = q**2 - 1513*q - 74929. Give t(-48).
-1
Let c(b) = -10230*b + 951367. Give c(93).
-23
Let i(u) = 6157*u**2 + 1065148*u - 2248. Give i(-173).
1
Let h(t) = 3*t**2 + 1003*t - 15679. Calculate h(15).
41
Let a(u) = -57*u + 1746. Determine a(29).
93
Let k(p) = -335388*p + 2683112. Calculate k(8).
8
Let o(h) = 69096*h**2 + 276415*h + 124. Determine o(-4).
0
Let g(a) = 969*a**2 + 55*a + 4. Determine g(-1).
918
Let u(l) = -2*l**2 + 274*l + 782. What is u(140)?
-58
Let r(f) = -11944*f + 18811811. Give r(1575).
11
Let f(q) = 713*q**2 + 27087*q - 235. What is f(-38)?
31
Let b(o) = o**3 - 28*o**2 + 541*o - 1402. Give b(3).
-4
Let q(o) = -o**3 - 9*o**2 + 5224*o + 20949. Determine q(-4).
-27
Let s(q) = -3*q**2 - 254*q + 17990. What is s(-127)?
1861
Let v(q) = 5*q**2 - 256*q - 2014. What is v(-7)?
23
Let k(o) = 234700*o - 1173477. Calculate k(5).
23
Let m(z) = 14*z**3 - 9294*z**2 - 1195*z - 88317. What is m(664)?
-5
Let d(x) = 10790*x + 248037. Calculate d(-23).
-133
Let n(w) = 12*w**3 + 1630*w**2 - 548*w - 37529. Determine n(-136).
7
Let d(q) = -8956*q + 1746412. What is d(195)?
-8
Let j(s) = 10632*s - 42517. Calculate j(4).
11
Let r(y) = -200225*y - 400437. Give r(-2).
13
Let u(v) = -21435*v + 107168. What is u(5)?
-7
Let d(y) = -y**3 + 105*y**2 - 92*y - 1214. Determine d(104).
34
Let q(k) = 1348*k - 165649. What is q(123)?
155
Let z(a) = -95*a**2 - 72*a + 303. Calculate z(4).
-1505
Let k(m) = m**3 + 27*m**2 + 215*m + 2833. Give k(-23).
4
Let j(i) = 10*i**3 + 96*i**2 - 274*i - 48. Calculate j(3).
264
Let o(a) = 1080*a - 192250. Calculate o(178).
-10
Let l(y) = -2*y**2 - 433*y - 22446. Give l(-123).
555
Let v(j) = 6*j**2 - 17*j - 186. What is v(5)?
-121
Let n(l) = -25975*l - 207795. Give n(-8).
5
Let u(q) = -q**2 + 512*q - 65317. Give u(275).
-142
Let s(v) = v**3 - 451*v**2 + 13792*v + 835. Calculate s(418).
-1
Let y(u) = 32*u**2 - 1890*u - 7499. Give y(-4).
573
Let k(l) = -4403*l - 202289. Give k(-46).
249
Let z(x) = 3*x**3 + 97*x**2 + 5*x + 1507. What is z(-33)?
-836
Let l(d) = -19*d**2 - 350*d + 44. Determine l(-17).
503
Let w(g) = 10*g**3 + 20*g**2 + 6757*g + 6737. Give w(-1).
-10
Let f(g) = 11*g**2 - 22*g - 1479. Calculate f(16).
985
Let a(u) = -u**3 + 33*u**2 - 210*u - 109. Calculate a(18).
971
Let w(z) = -1914*z**3 - 71*z**2 + 71*z + 3. Give w(1).
-1911
Let c(y) = -87*y - 7182. Determine c(-84).
126
Let b(n) = 23*n + 2366. Give b(-103).
-3
Let b(l) = -54*l**3 - 71*l**2 + 230*l - 39. What is b(3)?
-1446
Let g(z) = -z**3 + 2*z**2 + 50326*z - 150966. What is g(3)?
3
Let d(w) = 2*w**2 - 5039*w + 70152. Give d(14).
-2
Let l(z) = -z**3 - 748*z**2 + 2242*z - 8549. Give l(-751).
-288
Let t(j) = -j**3 - 92*j**2 - 1431*j - 131641. Give t(-92).
11
Let o(m) = 821*m**2 + 9312*m + 3096. Calculate o(-11).
5
Let x(n) = n**3 - 381*n**2 + 6097*n + 1549. What is x(17)?
2
Let u(a) = -10*a**3 - 260*a**2 - 30*a - 514. Give u(-26).
266
Let f(b) = 8*b**2 - 825*b - 39074. Give f(-35).
-399
Let w(v) = 20061*v + 140394. Determine w(-7).
-33
Let h(m) = -m**2 + 637*m - 86921. Give h(439).
1
Let o(b) = 10*b**3 - 20*b**2 + 455*b + 476. Calculate o(-1).
-9
Let q(y) = y**3 + 172*y**2 + 170*y - 425. Determine q(-171).
-254
Let j(i) = -26*i**3 + 3*i**2 + 100*i + 198. Determine j(-2).
218
Let y(t) = -165*t**2 + 3995*t + 7702. Give y(26).
32
Let k(v) = 261273*v + 1567549. What is k(-6)?
-89
Let n(j) = 1444*j - 23116. Calculate n(16).
-12
Let k(m) = 1422*m + 132244. Give k(-93).
-2
Let b(r) = -31*r**2 - 7503*r - 233. Determine b(-242).
9
Let f(i) = 93*i**3 + 454*i**2 - 107*i + 14. Give f(-5).
274
Let c(i) = -3*i**2 + 449*i - 3853. Calculate c(141).
-187
Let z(r) = 4*r**2 - 128010*r - 512064. Calculate z(-4).
40
Let h(j) = -24*j**2 + 2435*j + 35684. What is h(-13)?
-27
Let c(z) = -2*z**3 + 5*z**2 + 29*z - 172. Calculate c(9).
-964
Let v(z) = -z**3 + 24*z**2 - 502*z + 5057. What is v(14)?
-11
Let b(y) = -2*y**3 - 337*y**2 - 176*y - 1344. Determine b(-168).
0
Let a(z) = 28355*z - 311862. What is a(11)?
43
Let c(y) = y**3 + 346*y**2 - 5035*y - 97. Determine c(14).
-27
Let x(v) = -v**3 + 41*v**2 - 26*v + 64. What is x(41)?
-1002
Let y(m) = -6*m**3 + 64*m**2 + 405*m - 4504. Determine y(9).
-49
Let y(f) = -12770*f - 101826. Calculate y(-8).
334
Let t(j) = 4497*j + 890412. Determine t(-198).
6
Let n(l) = -l**3 + 113*l**2 + 231*l - 303. Determine n(115).
-188
Let x(m) = 7*m**2 - 136*m + 119. Calculate x(-7).
1414
Let c(i) = i**2 - 1329*i + 16690. Calculate c(13).
-418
Let q(w) = -w**2 - 196*w - 6567. Determine q(-46).
333
Let u(x) = -7*x**2 + 386*x - 2653. Give u(7).
-294
Let z(s) = 71*s**2 + 7*s - 1411. Calculate z(0).
-1411
Let i(d) = d**3 - 38*d**2 + 50*d - 7091. What is i(41)?
2
Let h(o) = 12*o**3 + 150*o**2 - 244*o + 117. Calculate h(-14).
5
Let r(b) = 3320*b + 3327. Give r(-1).
7
Let c(p) = -3943*p + 3911466. What is c(992)?
10
Let r(t) = -t**2 + 17*t + 623. Give r(31).
189
Let f(g) = -284*g + 21. Determine f(2).
-547
Let u(v) = v**3 - 62*v**2 - 177*v - 26814. Determine u(70).
-4
Let t(x) = -x**3 + 210*x**2 + 1755*x + 35. Calculate t(-8).
-53
Let y(i) = -76186*i - 2285574. What is y(-30)?
6
Let i(z) = 36*z**3 + 6660*z**2 - 3*z - 313. What is i(-185)?
242
Let i(s) = -s**3 + 15*s**2 + 163*s - 2263. Calculate i(14).
215
Let m(u) = 16*u**2 + 399*u - 447. Determine m(-34).
4483
Let m(i) = -i**3 + 51*i**2 + 139*i - 6736. What is m(51)?
353
Let i(b) = 477571*b + 1432719. Give i(-3).
6
Let o(j) = -606969*j + 606993. Calculate o(1).
24
Let b(q) = 4*q**3 - 880*q**2 + 870*q + 1489. Give b(219).
175
Let f(s) = -6*s**2 + 339*s + 9830. Determine f(77).
359
Let t(m) = m**3 - 200*m**2 + 1338*m + 12. Give t(7).
-79
Let t(o) = o**2 + 9947*o - 109567. Calculate t(11).
-29
Let r(n) = -18*n**2 - 3548*n - 43074. Give r(-13).
8
Let u(t) = 900*t - 48579. Calculate u(54).
21
Let j(q) = 18*q**3 - 15*q**2 - 10*q + 1. Give j(3).
322
Let h(r) = -5*r**3 - 25*r**2 - 225*r - 47. What is h(-7)?
2018
Let k(i) = 11840*i - 201283. Calculate k(17).
-3
Let u(o) = 416*o**3 - 2127*o**2 + 228*o + 40. What is u(5)?
5
Let p(f) = -93*f**2 - 7*f + 49. Give p(3).
-809
Let l(q) = 6884*q - 626444. Calculate l(91).
0
Let l(j) = 1715*j - 5101. What is l(3)?
44
Let b(i) = -3*i**3 - 904*i**2 + 2175*i + 745291. Calculate b(-301).
15
Let h(k) = 15578*k - 34. Calculate h(0).
-34
Let x(l) = -358*l**2 - 7171*l - 50. Give x(-20).
170
Let v(a) = 156*a + 27213. Give v(-170).
693
Let z(d) = -d**3 + 52*d**2 - 28*d - 3131. Give z(9).
100
Let u(c) = 6*c**2 + 921*c + 14637. What is u(-18)?
3
Let g(c) = -256*c - 12110. Calculate g(-45).
-590
Let u(h) = 14500*h + 260859. Give u(-18).
-141
Let l(c) = 160*c**2 + 228*c + 216. Calculate l(-1).
148
Let w(r) = r**2 - 60*r - 225. Give w(-31).
2596
Let l(v) = -1467*v - 808442. Give l(-551).
-125
Let h(d) = 149*d - 13375. Determine h(85).
-710
Let u(x) = -x**2 + 247*x - 10700. Give u(191).
-4
Let h(r) = -30*r**2 + 1392*r + 13909. Determine h(-10).
-3011
Let j(w) = -90791*w - 1271118. Determine 